s divided by 9?
2
Suppose 23*a - 182 = 117. What is the remainder when 27 is divided by 23/(-7 + a + -5)?
4
Suppose 6*t = 10*t + 2*d - 1418, t - 5*d = 360. What is the remainder when t is divided by 124?
107
Suppose 57*b = 17498 + 17386. Calculate the remainder when b is divided by 20.
12
Let x(j) = -2*j**2 - 13*j + 27. Let h be x(-9). Calculate the remainder when 5 + (-52)/4*h is divided by 48.
47
What is the remainder when (-96)/16 + (2 - 2) + 5003 is divided by 17?
16
Suppose 3*j + 137 = -5*y - 0*j, 5*y - j = -121. Calculate the remainder when 215 is divided by 36/6 - y - 15/(-3).
35
Let l = 5 + -26. Suppose -560 = -3*t - 11*t. Let a = t + l. What is the remainder when a is divided by 7?
5
Let a(w) = w + 4. Let q(b) = 3*b - 61. Let n(j) = 6*a(j) - q(j). Calculate the remainder when 215 is divided by n(-9).
41
Let p(y) = y**2 + 3. Let a(m) = -181*m**2 - 2*m + 7. Let n(d) = -a(d) + 4*p(d). What is the remainder when n(-1) is divided by 65?
58
Suppose 2*m = 3*m - 66. Suppose -31*p + 657 = 2*b - 28*p, -3*b + 3*p = -963. Calculate the remainder when b is divided by m.
60
What is the remainder when 356*(-12 + 15) + (-48)/6 is divided by 339?
43
Let v = 310 - 100. Let l = v - 189. What is the remainder when 68 is divided by l?
5
Let p(y) = y**2 - y. Let f be (1 + -2)/(6/(-12)). Let t be p(f). What is the remainder when (13 + -1)/(t/3) is divided by 5?
3
Suppose -5*k = 5, -5*w = -k + 2*k - 39. Suppose 4*n - 216 = 10*n. Let v = n + 66. What is the remainder when v is divided by w?
6
Let u(p) = -p**2 - 119*p + 74. What is the remainder when u(-86) is divided by 54?
50
Calculate the remainder when 321 - 3*(-13)/39 is divided by 16.
2
Let f(u) = 6*u**2 + 13*u + 222. What is the remainder when 223 is divided by f(0)?
1
Let o = -9225 + 9432. What is the remainder when o is divided by 85?
37
Let u(h) = -h**3 + 4*h**2 + 7*h + 8. Let b be u(6). Let d = 47 + b. Let o(q) = -8*q**3 + q**2. Calculate the remainder when d is divided by o(-1).
7
Suppose 0 = 3*l + 6*l - 2106. Let z = l + -188. What is the remainder when 320 is divided by z?
44
Suppose 815 = -4*n + q, 5*n + 5*q + 189 = -811. Let r = n + 327. Calculate the remainder when r is divided by 21.
19
Suppose 0 = 3*x - 4 - 5. Let p(i) = 43*i - 93. Let g(a) = 9*a - 19. Let m(f) = 11*g(f) - 2*p(f). Calculate the remainder when 44 is divided by m(x).
12
Let k = 22986 - 21625. What is the remainder when k is divided by 264?
41
Let i(k) = 7*k**2 - 2*k - 83. Let a(d) = -3*d**2 + d + 42. Let h(l) = 9*a(l) + 4*i(l). Let s be 12/(-18) + 4/6. What is the remainder when h(s) is divided by 8?
6
Let t(v) = -2*v - 5*v - 28*v. Suppose 4*o = -3*a + 19, -22*o + 10 = -27*o. Calculate the remainder when t(-1) is divided by a.
8
Let g(y) = y**2 - 3*y + 3. Let j = -5 + 8. Suppose -77*a + j = -76*a. Calculate the remainder when g(a) is divided by 2.
1
Let v(n) = -n**2 - 4*n**2 - 1 - n**3 + 2*n + 4*n + 4*n**2 - 5*n. Let o be 25/(-5) - (1 - 3). Calculate the remainder when v(o) is divided by 3.
2
Suppose 17507*y = 17463*y + 748. Calculate the remainder when 10147 is divided by y.
15
Let m(c) = 5*c + 216. Let s be m(-16). Suppose -6*o = -8*o + s. Calculate the remainder when 69 is divided by o.
1
Suppose -12*k = -11*k + 2*v - 44, -5*v + 164 = 4*k. Calculate the remainder when 539 is divided by k.
35
Let b = -9182 + 10210. Calculate the remainder when b is divided by 103.
101
Suppose d + d - 5*s = -8, -20 = -5*s. Let x(m) = 2*m - 6919*m**2 + 6920*m**2 - 3*m - 9 - 4. Calculate the remainder when 31 is divided by x(d).
14
Let q be ((-24)/54)/((-4)/18). What is the remainder when 44 is divided by q/6 + (-249)/(-9)?
16
Let i be 0 - 4/(8/(-2)). Let q be -4 - (i + 1 + -3) - 26. Let f = q + 105. Calculate the remainder when f is divided by 20.
16
Calculate the remainder when 389 is divided by (-9120)/(-627) - 24/44.
11
Let c = 565 - 544. Let s(n) = -n**2 + 17*n + 157. Suppose 0 = y - 2*y + 19. What is the remainder when s(c) is divided by y?
16
Let d = -2085 - -2333. What is the remainder when d is divided by 118?
12
Let z(d) = 2*d**2 - 20*d + 42. Let i be z(12). Suppose i = 65*j - 59*j. Calculate the remainder when (-5 - (-26)/4)/(6/104) is divided by j.
11
Let f(b) be the second derivative of -7*b**3/2 + 149*b**2/2 - 94*b. Calculate the remainder when 164 is divided by f(5).
32
Suppose 10 = 4*m - 2*k, -3*m = 2*m - 2*k - 14. Let z be m/16 + (-4)/16. Calculate the remainder when 115 is divided by (-3 + -1)*(87/(-12) - z).
28
Suppose 3*y = -x + 326, -72 = -3*x - 4*y + 926. Suppose 98 = -12*b + x. What is the remainder when 30 is divided by b?
10
Suppose 0 = -0*k + k - 67. Let x(l) be the second derivative of l**5/10 + l**4/12 - l**3/2 + 3*l**2/2 - l. Calculate the remainder when k is divided by x(2).
16
Let o be -3 + 7 + 3 + -6 + 459. Let l = o + -410. What is the remainder when l is divided by 40?
10
Let s = -257 - 160. Let a = s - -517. What is the remainder when a is divided by 37?
26
Let f(v) = -v**3 + 4*v**2 + 3*v + 5. Let r(i) = 3*i**2 - 8*i - 11. Let k be r(5). Suppose 21*h - k*h + 141 = 0. What is the remainder when h is divided by f(4)?
13
Let u(q) = -2*q**2 - 36*q + 19. Calculate the remainder when 789 is divided by u(-17).
47
Let y = 1666 - 1346. Calculate the remainder when y is divided by 60.
20
Suppose -2*h = -1496 + 494. Let g = h - 282. What is the remainder when g is divided by 74?
71
Let n(t) = -t**2 - 25*t - 30. Let a be n(-23). Suppose 3*k = 3*i + 145 - a, 2*i = 8. What is the remainder when k is divided by -17*(2/2 - 2)?
13
Let q(o) = o**2 - 80*o + 648. What is the remainder when 425 is divided by q(8)?
65
Let q(s) = -s**3 - 20*s**2 - 43*s - 54. Let a be q(-16). Let w = a - -417. Suppose -11 - 14 = -5*r. Calculate the remainder when w is divided by r.
2
Let h = 58 + -47. Suppose -16*n + 425 = -h*n. Calculate the remainder when n is divided by 11.
8
Let t be (-3)/((-212)/(-654) + (-1)/3). Suppose 0 = -5*g + t + 33. Suppose -2*w + 7*w + 38 = 2*c, -c - w = -19. Calculate the remainder when g is divided by c.
15
Suppose 0 = -4*u + 141 - 1. Let k = u + -36. What is the remainder when (k + 14)/((-5)/70*-2) is divided by 32?
27
Suppose -250*f = -248*f + p - 15, 18 = f + 2*p. Suppose 2*j + 0 = 22. What is the remainder when j is divided by f?
3
Suppose 19040 = 38*v + 47*v. What is the remainder when 592 is divided by v?
144
Suppose 5*u - w = 103, 69 = 3*u - 111*w + 114*w. Let b be 156/(-18)*(-6)/4. Let l = 19 - b. Calculate the remainder when u is divided by l.
3
Let d = 4074 - 4063. Let u be 4/(-6) - (-1540)/15. Suppose 0 = -2*z - 0*z + u. Calculate the remainder when z is divided by d.
7
Suppose 7*l + 960 = 19*l. Suppose -4 = -x - 16. Let r(c) = c**2 + 10*c + 3. Calculate the remainder when l is divided by r(x).
26
Suppose -3*a = 2*s - 6 - 11, -s = -1. Let w(o) = o**2 - o - 9. Calculate the remainder when w(a) is divided by 3 + ((-4)/(-1))/4.
3
Suppose -2*b - 22 = -2*i, -4*b - 2*i - 3 - 23 = 0. Suppose -2*x = 5*h - 185, x - 265 = -2*x - 5*h. Calculate the remainder when x is divided by 28 + 3 + 0 + b.
11
Let p be (1 - 4)*4*1/(-4). Suppose -2*k = -p*i + 1, -5*i - 3*k + 1 = -6*k. Let d(g) = 12*g**2 - 4*g - 4. Calculate the remainder when 59 is divided by d(i).
11
Let x be (1 - (-9)/(-15)) + (-1968)/20. Let o = 106 + x. Calculate the remainder when 146/4 - (-3)/(-6) is divided by o.
4
Let y(j) = -j**3 - 10*j**2 + 31*j + 324. Calculate the remainder when 1732 is divided by y(-10).
10
Let u(w) = 2*w**3 + 52*w**2 - 2*w + 68. Let v(z) = z**3 + 26*z**2 - z + 34. Let o(m) = 3*u(m) - 5*v(m). Calculate the remainder when 235 is divided by o(-26).
55
Let o = -30 - -34. Suppose -o*m - 5*m = -405. Calculate the remainder when m is divided by 8.
5
Let b = -12 + 35. Suppose -h + 52 = -b. Let u = -343 - -382. What is the remainder when h is divided by u?
36
Let y = 58 + -32. Suppose 45*g - 163*g + 2052 = 110*g. Calculate the remainder when y is divided by g.
8
Let g = 5191 + -4884. What is the remainder when g is divided by 109?
89
Calculate the remainder when 4308 is divided by (7/(-1))/((350/308)/(-25)).
150
Let x be ((-2)/4 - 1083/(-114))/1. Suppose -x*a = -15*a + 132. What is the remainder when a is divided by 22?
0
Let i(w) = w - 4. Let f be i(8). Suppose k - 392 = -3*d, -2*d - k + 265 = -f*k. Calculate the remainder when d is divid